{"id":2616,"date":"2021-12-15T18:11:49","date_gmt":"2021-12-15T17:11:49","guid":{"rendered":"https:\/\/www.addfood.se\/?page_id=2616"},"modified":"2023-09-15T16:10:27","modified_gmt":"2023-09-15T15:10:27","slug":"villkor","status":"publish","type":"page","link":"https:\/\/www.addfood.se\/home\/villkor\/","title":{"rendered":"Villkor"},"content":{"rendered":"\t\t<div data-elementor-type=\"wp-page\" data-elementor-id=\"2616\" class=\"elementor elementor-2616\">\n\t\t\t\t\t\t<section class=\"elementor-section elementor-top-section elementor-element elementor-element-0367f7e elementor-section-boxed elementor-section-height-default elementor-section-height-default\" data-id=\"0367f7e\" data-element_type=\"section\">\n\t\t\t\t\t\t<div class=\"elementor-container elementor-column-gap-default\">\n\t\t\t\t\t<div class=\"elementor-column elementor-col-100 elementor-top-column elementor-element elementor-element-970031c\" data-id=\"970031c\" data-element_type=\"column\">\n\t\t\t<div class=\"elementor-widget-wrap elementor-element-populated\">\n\t\t\t\t\t\t<div class=\"elementor-element elementor-element-eb22435 elementor-widget elementor-widget-heading\" data-id=\"eb22435\" data-element_type=\"widget\" data-widget_type=\"heading.default\">\n\t\t\t\t<div class=\"elementor-widget-container\">\n\t\t\t\t\t<h2 class=\"elementor-heading-title elementor-size-default\">Betalningsvillkor<\/h2>\t\t\t\t<\/div>\n\t\t\t\t<\/div>\n\t\t\t\t<div class=\"elementor-element elementor-element-d71c17c elementor-widget elementor-widget-text-editor\" data-id=\"d71c17c\" data-element_type=\"widget\" data-widget_type=\"text-editor.default\">\n\t\t\t\t<div class=\"elementor-widget-container\">\n\t\t\t\t\t\t\t\t\t<p>F\u00f6r f\u00f6retag g\u00e4ller 10 dagars kredit mot faktura efter sedvanlig kreditkontroll. Vid st\u00f6rre best\u00e4llningar med orderv\u00e4rde \u00f6ver 20 000 kr, utg\u00e5r f\u00f6rskottsbetalning \u00e1 50 %, oss tillhanda senast 5 arbetsdagar innan leverans. F\u00f6r resterande belopp g\u00e4ller 10 dagars kredit mot faktura. S\u00e4rskilda villkor vid events. Vid nyregistrering beh\u00f6ver vi adressuppgifter, organisationsnummer och kontaktperson\/er.<\/p><p>Fakturaavgift 45kr<\/p><p>D\u00e4r annat inte anges \u00e4r alla presenterade priser per styck eller paket och exklusive 12 % moms.<\/p><p>Vi reserverar oss f\u00f6r sortiment- och prisf\u00f6r\u00e4ndringar.<\/p><p>I priserna tillkommer kostnad f\u00f6r transport! Vid best\u00e4llning g\u00e5r det ocks\u00e5 utm\u00e4rkt att h\u00e4mta upp leveransen p\u00e5 Dialoggatan 11, Telefonplan.<\/p><p>Kostnaden f\u00f6r transport varierar beroende p\u00e5 var leveransen sker, tidpunkt och dag. Vid Catering under helger tillkommer helgtill\u00e4gg p\u00e5 500kr f\u00f6r transport ut\u00f6ver ordinarie taxa.\u00a0 Under vardagar f\u00f6re 07:30 och efter 18:00 tillkommer 200kr i transport ut\u00f6ver ordinarie taxa.<\/p><p>P\u00e5 Addfood utg\u00e5r vi fr\u00e5n att en matupplevelse b\u00f6rjar med \u00f6gonen. Alla v\u00e5ra priser inkluderar uppl\u00e4ggning p\u00e5 vackra serveringsfat. \u00d6nskas maten levererad p\u00e5 eng\u00e5ngsmaterial s\u00e5 g\u00e5r detta givetvis att ordna.\u00a0<\/p><p>Alla buff\u00e9er kr\u00e4ver ett minimum av 20 g\u00e4ster. Vi har ett f\u00e5tal buff\u00e9er som vi kan laga till f\u00e4rre g\u00e4ster. Kontakta oss s\u00e5 ber\u00e4ttar vi mer.<\/p><p>Vid best\u00e4llning eller st\u00f6rre \u00e4ndringar av antal personer \u00f6nskar Addfood besked om detta minst 5 arbetsdagar innan leveransdag. Vid senare \u00e4ndringar \u00e4n 5 arbetsdagar debiteras 50 % av totala summan. F\u00f6r st\u00f6rre evenemang kan s\u00e4rskilda villkor komma att g\u00e4lla efter \u00f6verenskommelse mellan kund och Addfood<\/p>\t\t\t\t\t\t\t\t<\/div>\n\t\t\t\t<\/div>\n\t\t\t\t\t<\/div>\n\t\t<\/div>\n\t\t\t\t\t<\/div>\n\t\t<\/section>\n\t\t\t\t<\/div>\n\t\t","protected":false},"excerpt":{"rendered":"<p>Betalningsvillkor F\u00f6r f\u00f6retag g\u00e4ller 10 dagars kredit mot faktura efter sedvanlig kreditkontroll. Vid st\u00f6rre best\u00e4llningar med orderv\u00e4rde \u00f6ver 20 000 kr, utg\u00e5r f\u00f6rskottsbetalning \u00e1 50 %, oss tillhanda senast 5 arbetsdagar innan leverans. F\u00f6r resterande belopp g\u00e4ller 10 dagars kredit mot faktura. S\u00e4rskilda villkor vid events. Vid nyregistrering beh\u00f6ver vi adressuppgifter, organisationsnummer och kontaktperson\/er. Fakturaavgift [&hellip;]<\/p>\n","protected":false},"author":9192196,"featured_media":0,"parent":0,"menu_order":0,"comment_status":"closed","ping_status":"closed","template":"elementor_header_footer","meta":{"_monsterinsights_skip_tracking":false,"_monsterinsights_sitenote_active":false,"_monsterinsights_sitenote_note":"","_monsterinsights_sitenote_category":0,"site-sidebar-layout":"no-sidebar","site-content-layout":"page-builder","ast-site-content-layout":"default","site-content-style":"default","site-sidebar-style":"default","ast-global-header-display":"","ast-banner-title-visibility":"","ast-main-header-display":"disabled","ast-hfb-above-header-display":"","ast-hfb-below-header-display":"","ast-hfb-mobile-header-display":"disabled","site-post-title":"disabled","ast-breadcrumbs-content":"","ast-featured-img":"disabled","footer-sml-layout":"disabled","theme-transparent-header-meta":"disabled","adv-header-id-meta":"","stick-header-meta":"","header-above-stick-meta":"","header-main-stick-meta":"","header-below-stick-meta":"","astra-migrate-meta-layouts":"default","ast-page-background-enabled":"default","ast-page-background-meta":{"desktop":{"background-color":"var(--ast-global-color-4)","background-image":"","background-repeat":"repeat","background-position":"center center","background-size":"auto","background-attachment":"scroll","background-type":"","background-media":"","overlay-type":"","overlay-color":"","overlay-opacity":"","overlay-gradient":""},"tablet":{"background-color":"","background-image":"","background-repeat":"repeat","background-position":"center center","background-size":"auto","background-attachment":"scroll","background-type":"","background-media":"","overlay-type":"","overlay-color":"","overlay-opacity":"","overlay-gradient":""},"mobile":{"background-color":"","background-image":"","background-repeat":"repeat","background-position":"center center","background-size":"auto","background-attachment":"scroll","background-type":"","background-media":"","overlay-type":"","overlay-color":"","overlay-opacity":"","overlay-gradient":""}},"ast-content-background-meta":{"desktop":{"background-color":"var(--ast-global-color-5)","background-image":"","background-repeat":"repeat","background-position":"center center","background-size":"auto","background-attachment":"scroll","background-type":"","background-media":"","overlay-type":"","overlay-color":"","overlay-opacity":"","overlay-gradient":""},"tablet":{"background-color":"var(--ast-global-color-5)","background-image":"","background-repeat":"repeat","background-position":"center center","background-size":"auto","background-attachment":"scroll","background-type":"","background-media":"","overlay-type":"","overlay-color":"","overlay-opacity":"","overlay-gradient":""},"mobile":{"background-color":"var(--ast-global-color-5)","background-image":"","background-repeat":"repeat","background-position":"center center","background-size":"auto","background-attachment":"scroll","background-type":"","background-media":"","overlay-type":"","overlay-color":"","overlay-opacity":"","overlay-gradient":""}},"footnotes":""},"class_list":["post-2616","page","type-page","status-publish","hentry"],"yoast_head":"<!-- This site is optimized with the Yoast SEO plugin v25.8 - https:\/\/yoast.com\/wordpress\/plugins\/seo\/ -->\n<title>Villkor | Addfood<\/title>\n<meta name=\"description\" content=\"Betalningsvillkor F\u00f6r f\u00f6retag g\u00e4ller 10 dagars kredit mot faktura efter sedvanlig kreditkontroll. Vid st\u00f6rre best\u00e4llningar med orderv\u00e4rde \u00f6ver 20 000 kr,\" \/>\n<meta name=\"robots\" content=\"index, follow, max-snippet:-1, max-image-preview:large, max-video-preview:-1\" \/>\n<link rel=\"canonical\" href=\"https:\/\/www.addfood.se\/home\/villkor\/\" \/>\n<meta property=\"og:locale\" content=\"sv_SE\" \/>\n<meta property=\"og:type\" content=\"article\" \/>\n<meta property=\"og:title\" content=\"Villkor | Addfood\" \/>\n<meta property=\"og:description\" content=\"Betalningsvillkor F\u00f6r f\u00f6retag g\u00e4ller 10 dagars kredit mot faktura efter sedvanlig kreditkontroll. Vid st\u00f6rre best\u00e4llningar med orderv\u00e4rde \u00f6ver 20 000 kr,\" \/>\n<meta property=\"og:url\" content=\"https:\/\/www.addfood.se\/home\/villkor\/\" \/>\n<meta property=\"og:site_name\" content=\"Addfood\" \/>\n<meta property=\"article:modified_time\" content=\"2023-09-15T15:10:27+00:00\" \/>\n<meta name=\"twitter:card\" content=\"summary_large_image\" \/>\n<meta name=\"twitter:label1\" content=\"Ber\u00e4knad l\u00e4stid\" \/>\n\t<meta name=\"twitter:data1\" content=\"2 minuter\" \/>\n<script type=\"application\/ld+json\" class=\"yoast-schema-graph\">{\"@context\":\"https:\/\/schema.org\",\"@graph\":[{\"@type\":\"WebPage\",\"@id\":\"https:\/\/www.addfood.se\/home\/villkor\/\",\"url\":\"https:\/\/www.addfood.se\/home\/villkor\/\",\"name\":\"Villkor | Addfood\",\"isPartOf\":{\"@id\":\"https:\/\/www.addfood.se\/home\/#website\"},\"datePublished\":\"2021-12-15T17:11:49+00:00\",\"dateModified\":\"2023-09-15T15:10:27+00:00\",\"description\":\"Betalningsvillkor F\u00f6r f\u00f6retag g\u00e4ller 10 dagars kredit mot faktura efter sedvanlig kreditkontroll. Vid st\u00f6rre best\u00e4llningar med orderv\u00e4rde \u00f6ver 20 000 kr,\",\"breadcrumb\":{\"@id\":\"https:\/\/www.addfood.se\/home\/villkor\/#breadcrumb\"},\"inLanguage\":\"sv-SE\",\"potentialAction\":[{\"@type\":\"ReadAction\",\"target\":[\"https:\/\/www.addfood.se\/home\/villkor\/\"]}]},{\"@type\":\"BreadcrumbList\",\"@id\":\"https:\/\/www.addfood.se\/home\/villkor\/#breadcrumb\",\"itemListElement\":[{\"@type\":\"ListItem\",\"position\":1,\"name\":\"Hem\",\"item\":\"https:\/\/www.addfood.se\/home\/\"},{\"@type\":\"ListItem\",\"position\":2,\"name\":\"Villkor\"}]},{\"@type\":\"WebSite\",\"@id\":\"https:\/\/www.addfood.se\/home\/#website\",\"url\":\"https:\/\/www.addfood.se\/home\/\",\"name\":\"Addfood\",\"description\":\"Restaurang &amp; Catering\",\"publisher\":{\"@id\":\"https:\/\/www.addfood.se\/home\/#organization\"},\"potentialAction\":[{\"@type\":\"SearchAction\",\"target\":{\"@type\":\"EntryPoint\",\"urlTemplate\":\"https:\/\/www.addfood.se\/home\/?s={search_term_string}\"},\"query-input\":{\"@type\":\"PropertyValueSpecification\",\"valueRequired\":true,\"valueName\":\"search_term_string\"}}],\"inLanguage\":\"sv-SE\"},{\"@type\":\"Organization\",\"@id\":\"https:\/\/www.addfood.se\/home\/#organization\",\"name\":\"Addfood\",\"url\":\"https:\/\/www.addfood.se\/home\/\",\"logo\":{\"@type\":\"ImageObject\",\"inLanguage\":\"sv-SE\",\"@id\":\"https:\/\/www.addfood.se\/home\/#\/schema\/logo\/image\/\",\"url\":\"https:\/\/www.addfood.se\/wp-content\/uploads\/2015\/06\/cropped-logotype_orange1505.png\",\"contentUrl\":\"https:\/\/www.addfood.se\/wp-content\/uploads\/2015\/06\/cropped-logotype_orange1505.png\",\"width\":512,\"height\":512,\"caption\":\"Addfood\"},\"image\":{\"@id\":\"https:\/\/www.addfood.se\/home\/#\/schema\/logo\/image\/\"}}]}<\/script>\n<!-- \/ Yoast SEO plugin. -->","yoast_head_json":{"title":"Villkor | Addfood","description":"Betalningsvillkor F\u00f6r f\u00f6retag g\u00e4ller 10 dagars kredit mot faktura efter sedvanlig kreditkontroll. Vid st\u00f6rre best\u00e4llningar med orderv\u00e4rde \u00f6ver 20 000 kr,","robots":{"index":"index","follow":"follow","max-snippet":"max-snippet:-1","max-image-preview":"max-image-preview:large","max-video-preview":"max-video-preview:-1"},"canonical":"https:\/\/www.addfood.se\/home\/villkor\/","og_locale":"sv_SE","og_type":"article","og_title":"Villkor | Addfood","og_description":"Betalningsvillkor F\u00f6r f\u00f6retag g\u00e4ller 10 dagars kredit mot faktura efter sedvanlig kreditkontroll. Vid st\u00f6rre best\u00e4llningar med orderv\u00e4rde \u00f6ver 20 000 kr,","og_url":"https:\/\/www.addfood.se\/home\/villkor\/","og_site_name":"Addfood","article_modified_time":"2023-09-15T15:10:27+00:00","twitter_card":"summary_large_image","twitter_misc":{"Ber\u00e4knad l\u00e4stid":"2 minuter"},"schema":{"@context":"https:\/\/schema.org","@graph":[{"@type":"WebPage","@id":"https:\/\/www.addfood.se\/home\/villkor\/","url":"https:\/\/www.addfood.se\/home\/villkor\/","name":"Villkor | Addfood","isPartOf":{"@id":"https:\/\/www.addfood.se\/home\/#website"},"datePublished":"2021-12-15T17:11:49+00:00","dateModified":"2023-09-15T15:10:27+00:00","description":"Betalningsvillkor F\u00f6r f\u00f6retag g\u00e4ller 10 dagars kredit mot faktura efter sedvanlig kreditkontroll. Vid st\u00f6rre best\u00e4llningar med orderv\u00e4rde \u00f6ver 20 000 kr,","breadcrumb":{"@id":"https:\/\/www.addfood.se\/home\/villkor\/#breadcrumb"},"inLanguage":"sv-SE","potentialAction":[{"@type":"ReadAction","target":["https:\/\/www.addfood.se\/home\/villkor\/"]}]},{"@type":"BreadcrumbList","@id":"https:\/\/www.addfood.se\/home\/villkor\/#breadcrumb","itemListElement":[{"@type":"ListItem","position":1,"name":"Hem","item":"https:\/\/www.addfood.se\/home\/"},{"@type":"ListItem","position":2,"name":"Villkor"}]},{"@type":"WebSite","@id":"https:\/\/www.addfood.se\/home\/#website","url":"https:\/\/www.addfood.se\/home\/","name":"Addfood","description":"Restaurang &amp; Catering","publisher":{"@id":"https:\/\/www.addfood.se\/home\/#organization"},"potentialAction":[{"@type":"SearchAction","target":{"@type":"EntryPoint","urlTemplate":"https:\/\/www.addfood.se\/home\/?s={search_term_string}"},"query-input":{"@type":"PropertyValueSpecification","valueRequired":true,"valueName":"search_term_string"}}],"inLanguage":"sv-SE"},{"@type":"Organization","@id":"https:\/\/www.addfood.se\/home\/#organization","name":"Addfood","url":"https:\/\/www.addfood.se\/home\/","logo":{"@type":"ImageObject","inLanguage":"sv-SE","@id":"https:\/\/www.addfood.se\/home\/#\/schema\/logo\/image\/","url":"https:\/\/www.addfood.se\/wp-content\/uploads\/2015\/06\/cropped-logotype_orange1505.png","contentUrl":"https:\/\/www.addfood.se\/wp-content\/uploads\/2015\/06\/cropped-logotype_orange1505.png","width":512,"height":512,"caption":"Addfood"},"image":{"@id":"https:\/\/www.addfood.se\/home\/#\/schema\/logo\/image\/"}}]}},"_links":{"self":[{"href":"https:\/\/www.addfood.se\/home\/wp-json\/wp\/v2\/pages\/2616"}],"collection":[{"href":"https:\/\/www.addfood.se\/home\/wp-json\/wp\/v2\/pages"}],"about":[{"href":"https:\/\/www.addfood.se\/home\/wp-json\/wp\/v2\/types\/page"}],"author":[{"embeddable":true,"href":"https:\/\/www.addfood.se\/home\/wp-json\/wp\/v2\/users\/9192196"}],"replies":[{"embeddable":true,"href":"https:\/\/www.addfood.se\/home\/wp-json\/wp\/v2\/comments?post=2616"}],"version-history":[{"count":19,"href":"https:\/\/www.addfood.se\/home\/wp-json\/wp\/v2\/pages\/2616\/revisions"}],"predecessor-version":[{"id":3182,"href":"https:\/\/www.addfood.se\/home\/wp-json\/wp\/v2\/pages\/2616\/revisions\/3182"}],"wp:attachment":[{"href":"https:\/\/www.addfood.se\/home\/wp-json\/wp\/v2\/media?parent=2616"}],"curies":[{"name":"wp","href":"https:\/\/api.w.org\/{rel}","templated":true}]}}